digit of 10572?
5
What is the units digit of 978?
8
What is the ten thousands digit of 19778?
1
What is the hundreds digit of 585?
5
What is the tens digit of 23256?
5
What is the thousands digit of 2178?
2
What is the tens digit of 5443?
4
What is the ten thousands digit of 93285?
9
What is the ten thousands digit of 50327?
5
What is the hundreds digit of 12711?
7
What is the units digit of 1399?
9
What is the ten thousands digit of 11667?
1
What is the thousands digit of 1759?
1
What is the tens digit of 30021?
2
What is the units digit of 112?
2
What is the thousands digit of 26654?
6
What is the thousands digit of 1374?
1
What is the thousands digit of 2537?
2
What is the tens digit of 9214?
1
What is the units digit of 917?
7
What is the hundreds digit of 14255?
2
What is the thousands digit of 5165?
5
What is the units digit of 1433?
3
What is the thousands digit of 3406?
3
What is the ten thousands digit of 55151?
5
What is the thousands digit of 28509?
8
What is the tens digit of 233?
3
What is the units digit of 2765?
5
What is the ten thousands digit of 20503?
2
What is the units digit of 2126?
6
What is the hundreds digit of 43076?
0
What is the units digit of 16947?
7
What is the units digit of 4166?
6
What is the units digit of 5046?
6
What is the units digit of 601?
1
What is the thousands digit of 13862?
3
What is the units digit of 138908?
8
What is the thousands digit of 8394?
8
What is the hundreds digit of 5872?
8
What is the thousands digit of 55115?
5
What is the units digit of 38735?
5
What is the tens digit of 12700?
0
What is the ten thousands digit of 47182?
4
What is the tens digit of 3861?
6
What is the units digit of 1395?
5
What is the hundreds digit of 1765?
7
What is the ten thousands digit of 60365?
6
What is the ten thousands digit of 11607?
1
What is the tens digit of 1341?
4
What is the thousands digit of 2217?
2
What is the tens digit of 1525?
2
What is the units digit of 77?
7
What is the units digit of 4331?
1
What is the units digit of 7571?
1
What is the thousands digit of 9566?
9
What is the tens digit of 70426?
2
What is the tens digit of 43767?
6
What is the tens digit of 4868?
6
What is the tens digit of 82102?
0
What is the units digit of 3519?
9
What is the units digit of 29307?
7
What is the hundreds digit of 32869?
8
What is the tens digit of 4323?
2
What is the units digit of 5320?
0
What is the ten thousands digit of 25082?
2
What is the units digit of 33509?
9
What is the tens digit of 17728?
2
What is the units digit of 11611?
1
What is the tens digit of 231?
3
What is the units digit of 42260?
0
What is the hundreds digit of 1065?
0
What is the tens digit of 4567?
6
What is the thousands digit of 23972?
3
What is the units digit of 3750?
0
What is the thousands digit of 2247?
2
What is the units digit of 149863?
3
What is the hundreds digit of 866?
8
What is the thousands digit of 1688?
1
What is the ten thousands digit of 10277?
1
What is the tens digit of 1020?
2
What is the tens digit of 1233?
3
What is the hundreds digit of 7242?
2
What is the hundreds digit of 19794?
7
What is the tens digit of 2482?
8
What is the thousands digit of 25456?
5
What is the tens digit of 626?
2
What is the ten thousands digit of 37752?
3
What is the units digit of 68?
8
What is the tens digit of 15159?
5
What is the thousands digit of 21289?
1
What is the hundreds digit of 5626?
6
What is the tens digit of 25618?
1
What is the ten thousands digit of 33822?
3
What is the tens digit of 34347?
4
What is the hundreds digit of 548?
5
What is the thousands digit of 4747?
4
What is the thousands digit of 29016?
9
What is the units digit of 30761?
1
What is the thousands digit of 21694?
1
What is the ten thousands digit of 111442?
1
What is the tens digit of 1393?
9
What is the thousands digit of 3406?
3
What is the units digit of 43097?
7
What is the ten thousands digit of 60756?
6
What is the hundreds digit of 6747?
7
What is the units digit of 4460?
0
What is the units digit of 162720?
0
What is the units digit of 48950?
0
What is the thousands digit of 5912?
5
What is the hundreds digit of 59354?
3
What is the thousands digit of 3664?
3
What is the units digit of 4042?
2
What is the units digit of 48505?
5
What is the units digit of 21672?
2
What is the thousands digit of 67648?
7
What is the thousands digit of 1768?
1
What is the tens digit of 586?
8
What is the units digit of 17688?
8
What is the tens digit of 42644?
4
What is the thousands digit of 40103?
0
What is the thousands digit of 24457?
4
What is the units digit of 1660?
0
What is the hundreds digit of 1783?
7
What is the tens digit of 741?
4
What is the tens digit of 5739?
3
What is the hundreds digit of 1758?
7
What is the hundreds digit of 1297?
2
What is the tens digit of 419?
1
What is the ten thousands digit of 25183?
2
What is the units digit of 5358?
8
What is the tens digit of 122?
2
What is the tens digit of 1139?
3
What is the tens digit of 5084?
8
What is the tens digit of 849?
4
What is the units digit of 4620?
0
What is the units digit of 4841?
1
What is the hundreds digit of 73229?
2
What is the tens digit of 149?
4
What is the ten thousands digit of 68669?
6
What is the hundreds digit of 33990?
9
What is the tens digit of 1594?
9
What is the units digit of 5509?
9
What is the tens digit of 36190?
9
What is the ten thousands digit of 27480?
2
What is the units digit of 2053?
3
What is the units digit of 1064?
4
What is the ten thousands digit of 17414?
1
What is the tens digit of 185?
8
What is the hundreds digit of 848?
8
What is the tens digit of 32031?
3
What is the thousands digit of 3929?
3
What is the units digit of 921?
1
What is the ten thousands digit of 102678?
0
What is the tens digit of 9272?
7
What is the hundreds digit of 2946?
9
What is the thousands digit of 8624?
8
What is the thousands digit of 14938?
4
What is the thousands digit of 13234?
3
What is the tens digit of 289?
8
What is the units digit of 6470?
0
What is the tens digit of 7939?
3
What is the units digit of 6370?
0
What is the hundreds digit of 12455?
4
What is the thousands digit of 17377?
7
What is the units digit of 2049?
9
What is the tens digit of 3357?
5
What is the units digit of 367?
7
What is the thousands digit of 19365?
9
What is the hundreds digit of 9846?
8
What is the thousands digit of 9996?
9
What is the thousands digit of 11916?
1
What is the tens digit of 1578?
7
What is the thousands digit of 2068?
2
What is the hundreds digit of 1935?
9
What is the hundreds digit of 809?
8
What is the thousands digit of 40669?
0
What is the thousands digit of 1010?
1
What is the hundreds digit of 5866?
8
What is the units digit of 1684?
4
What is the units digit of 25247?
7
What is the thousands digit of 3257?
3
What is the hundreds digit of 30499?
4
What is the tens digit of 27948?
4
What is the hundreds digit of 158?
1
What is the units digit of 1231?
1
What is the units digit of 655?
5
What is the hundreds digit of 4303?
3
What is the hundreds digit of 925?
9
What is the thousands digit of 2011?
2
What is the units digit of 443?
3
What is the hundreds digit of 2812?
8
What is the tens digit of 29927?
2
What is the tens digit of 17511?
1
What is the tens digit of 11796?
9
What is the units digit of 6251?
1
What is the hundreds digit of 3757?
7
What is the thousands digit of 4894?
4
What is the hundreds digit of 3504?
5
What is the units digit of 6226?
6
What is the ten thousands digit of 14052?
1
What is the hundreds digit of 660?
6
What is the thousands digit of 3565?
3
What is the units digit of 10235?
5
What is the units digit of 6784?
4
What is the tens digit of 173?
7
What is the units digit of 33811?
1
What is the hundreds digit of 5089?
0
What is the units digit of 4487?
7
What is the tens digit of 2265?
6
What is the units digit of 33196?
6
What is the hundreds digit of 558?
5
What is the units digit of 5471?
1
What is the thousands digit of 4363?
4
What is the units digit of 365?
5
What is the thousands digit of 2929?
2
What is the hundreds digit of 7434?
4
What is the units digit of 6182?
2
What is the tens digit of 40440?
4
What is the tens digit of 2634?
3
What is the tens digit of 1646?
4
What is the tens digit of 52996?
9
What is th